{"id":1853,"date":"2023-10-24T08:40:47","date_gmt":"2023-10-24T08:40:47","guid":{"rendered":"http:\/\/jeeptour.pt\/?page_id=1853"},"modified":"2024-02-07T11:05:55","modified_gmt":"2024-02-07T11:05:55","slug":"passeioromantico","status":"publish","type":"page","link":"https:\/\/jeeptour.pt\/?page_id=1853","title":{"rendered":"Passeio Rom\u00e2ntico"},"content":{"rendered":"\t\t<div data-elementor-type=\"wp-page\" data-elementor-id=\"1853\" class=\"elementor elementor-1853\">\n\t\t\t\t\t\t<section class=\"elementor-section elementor-top-section elementor-element elementor-element-c8ddeb6 elementor-section-height-min-height elementor-section-boxed elementor-section-height-default elementor-section-items-middle\" data-id=\"c8ddeb6\" data-element_type=\"section\" data-e-type=\"section\" data-settings=\"{&quot;background_background&quot;:&quot;classic&quot;}\">\n\t\t\t\t\t\t\t<div class=\"elementor-background-overlay\"><\/div>\n\t\t\t\t\t\t\t<div class=\"elementor-container elementor-column-gap-default\">\n\t\t\t\t\t<div class=\"elementor-column elementor-col-100 elementor-top-column elementor-element elementor-element-6a5337e\" data-id=\"6a5337e\" data-element_type=\"column\" data-e-type=\"column\">\n\t\t\t<div class=\"elementor-widget-wrap elementor-element-populated\">\n\t\t\t\t\t\t<div class=\"elementor-element elementor-element-feefb6c elementor-widget elementor-widget-heading\" data-id=\"feefb6c\" data-element_type=\"widget\" data-e-type=\"widget\" data-widget_type=\"heading.default\">\n\t\t\t\t<div class=\"elementor-widget-container\">\n\t\t\t\t\t<h1 class=\"elementor-heading-title elementor-size-default\">Passeio Rom\u00e2ntico<\/h1>\t\t\t\t<\/div>\n\t\t\t\t<\/div>\n\t\t\t\t\t<\/div>\n\t\t<\/div>\n\t\t\t\t\t<\/div>\n\t\t<\/section>\n\t\t<div class=\"elementor-element elementor-element-28fc2b1 e-flex e-con-boxed e-con e-parent\" data-id=\"28fc2b1\" data-element_type=\"container\" data-e-type=\"container\">\n\t\t\t\t\t<div class=\"e-con-inner\">\n\t\t\t\t<div class=\"elementor-element elementor-element-5859c8e elementor-widget elementor-widget-text-editor\" data-id=\"5859c8e\" data-element_type=\"widget\" data-e-type=\"widget\" data-widget_type=\"text-editor.default\">\n\t\t\t\t<div class=\"elementor-widget-container\">\n\t\t\t\t\t\t\t\t\t<h2><span style=\"font-style: inherit;\">Passeio rom\u00e2ntico<\/span><\/h2><p>Desfrute de um passeio rom\u00e2ntico personalizado que celebra o amor e a conex\u00e3o do casal. Seja para comemorar uma data especial ou simplesmente reacender a chama do amor, este passeio \u00e9 uma experi\u00eancia \u00fanica e inesquec\u00edvel.<\/p><p>Enquanto o sol brilhar ou as estrelas cintilar, depende do hor\u00e1rio que voc\u00ea marcar.<\/p><p>O cen\u00e1rio e o local desse passeio rom\u00e2ntico s\u00e3o completamente customiz\u00e1veis. Seja \u00e0 beira-mar, em um jardim encantador, tudo \u00e9 planejado para criar uma atmosfera de amor e cumplicidade. A decora\u00e7\u00e3o, a ilumina\u00e7\u00e3o e os detalhes ser\u00e3o adaptados de acordo com a ocasi\u00e3o.<span class=\"Apple-converted-space\">\u00a0<\/span><\/p><p>Este passeio \u00e9 uma oportunidade para celebrar o amor de uma maneira \u00fanica, intimista e feita sob medida para voc\u00eas. Deixe-se envolver pela magia da cidade, enquanto desfrutam de momentos especiais juntos a bordo da Jeeptour.<span class=\"Apple-converted-space\">\u00a0<\/span><\/p><p><strong>Local e Rota:<\/strong><\/p><p>Rota c\u00eanica e rom\u00e2ntica que inclui belas paisagens, como praias, montanhas, florestas ou pontos de vista panor\u00e2micos.<\/p><p><strong>Pacote Rom\u00e2ntico:<\/strong><\/p><p>O pacote inclui o passeio de Jipe e parada para um picnic.<span class=\"Apple-converted-space\">\u00a0<\/span><\/p><p><strong>Decora\u00e7\u00e3o e Atmosfera:<\/strong><\/p><p>O Jipe ser\u00e1 caracterizado de acordo com a ocasi\u00e3o criando um ambiente \u00fanico e acolhedor.<\/p><p>\u00a0<\/p><p><strong>Piquenique:<\/strong><\/p><p>O piquenique pode incluir uma sele\u00e7\u00e3o de queijos, frutas, chocolates, petiscos e uma sobremesa especial para celebrar a ocasi\u00e3o.<\/p><p><strong>Feedback e Avalia\u00e7\u00f5es:<\/strong><\/p><p>Depois desse tour incr\u00edvel a Jeeptour pede encarecidamente o seu <span class=\"Apple-converted-space\">\u00a0 <\/span>feedback e que compartilhem suas experi\u00eancias nas redes sociais, para que<span class=\"Apple-converted-space\">\u00a0<\/span><\/p><p>mais pessoas possam conhecer a Jeeptour e ter essa oportunidade.<span class=\"Apple-converted-space\">\u00a0<\/span><\/p>\t\t\t\t\t\t\t\t<\/div>\n\t\t\t\t<\/div>\n\t\t\t\t\t<\/div>\n\t\t\t\t<\/div>\n\t\t<div class=\"elementor-element elementor-element-4b48598 e-flex e-con-boxed e-con e-parent\" data-id=\"4b48598\" data-element_type=\"container\" data-e-type=\"container\">\n\t\t\t\t\t<div class=\"e-con-inner\">\n\t\t\t\t<div class=\"elementor-element elementor-element-0129869 elementor-widget elementor-widget-html\" data-id=\"0129869\" data-element_type=\"widget\" data-e-type=\"widget\" data-widget_type=\"html.default\">\n\t\t\t\t<div class=\"elementor-widget-container\">\n\t\t\t\t\t\n\t\t\t\t<\/div>\n\t\t\t\t<\/div>\n\t\t\t\t\t<\/div>\n\t\t\t\t<\/div>\n\t\t\t\t<\/div>\n\t\t","protected":false},"excerpt":{"rendered":"<p>Passeio Rom\u00e2ntico Passeio rom\u00e2ntico Desfrute de um passeio rom\u00e2ntico personalizado que celebra o amor e a conex\u00e3o do casal. Seja para comemorar uma data especial ou simplesmente reacender a chama do amor, este passeio \u00e9 uma experi\u00eancia \u00fanica e inesquec\u00edvel. Enquanto o sol brilhar ou as estrelas cintilar, depende do hor\u00e1rio que voc\u00ea marcar. O &hellip;<\/p>\n<p class=\"read-more\"> <a class=\"\" href=\"https:\/\/jeeptour.pt\/?page_id=1853\"> <span class=\"screen-reader-text\">Passeio Rom\u00e2ntico<\/span> Read More &raquo;<\/a><\/p>\n","protected":false},"author":1,"featured_media":0,"parent":0,"menu_order":0,"comment_status":"closed","ping_status":"closed","template":"","meta":{"_eb_attr":"","_uag_custom_page_level_css":"","site-sidebar-layout":"no-sidebar","site-content-layout":"page-builder","ast-site-content-layout":"full-width-container","site-content-style":"unboxed","site-sidebar-style":"unboxed","ast-global-header-display":"","ast-banner-title-visibility":"","ast-main-header-display":"","ast-hfb-above-header-display":"","ast-hfb-below-header-display":"","ast-hfb-mobile-header-display":"","site-post-title":"disabled","ast-breadcrumbs-content":"","ast-featured-img":"disabled","footer-sml-layout":"","theme-transparent-header-meta":"enabled","adv-header-id-meta":"","stick-header-meta":"","header-above-stick-meta":"","header-main-stick-meta":"","header-below-stick-meta":"","astra-migrate-meta-layouts":"set","footnotes":""},"class_list":["post-1853","page","type-page","status-publish","hentry"],"yoast_head":"<!-- This site is optimized with the Yoast SEO plugin v24.7 - https:\/\/yoast.com\/wordpress\/plugins\/seo\/ -->\n<title>Passeio Rom\u00e2ntico - Jeeptour - Portugal<\/title>\n<meta name=\"robots\" content=\"index, follow, max-snippet:-1, max-image-preview:large, max-video-preview:-1\" \/>\n<link rel=\"canonical\" href=\"https:\/\/jeeptour.pt\/?page_id=1853\" \/>\n<meta property=\"og:locale\" content=\"pt_PT\" \/>\n<meta property=\"og:type\" content=\"article\" \/>\n<meta property=\"og:title\" content=\"Passeio Rom\u00e2ntico - Jeeptour - Portugal\" \/>\n<meta property=\"og:description\" content=\"Passeio Rom\u00e2ntico Passeio rom\u00e2ntico Desfrute de um passeio rom\u00e2ntico personalizado que celebra o amor e a conex\u00e3o do casal. Seja para comemorar uma data especial ou simplesmente reacender a chama do amor, este passeio \u00e9 uma experi\u00eancia \u00fanica e inesquec\u00edvel. Enquanto o sol brilhar ou as estrelas cintilar, depende do hor\u00e1rio que voc\u00ea marcar. O &hellip; Passeio Rom\u00e2ntico Read More &raquo;\" \/>\n<meta property=\"og:url\" content=\"https:\/\/jeeptour.pt\/?page_id=1853\" \/>\n<meta property=\"og:site_name\" content=\"Jeeptour - Portugal\" \/>\n<meta property=\"article:modified_time\" content=\"2024-02-07T11:05:55+00:00\" \/>\n<meta name=\"twitter:card\" content=\"summary_large_image\" \/>\n<meta name=\"twitter:label1\" content=\"Est. reading time\" \/>\n\t<meta name=\"twitter:data1\" content=\"2 minutos\" \/>\n<script type=\"application\/ld+json\" class=\"yoast-schema-graph\">{\"@context\":\"https:\/\/schema.org\",\"@graph\":[{\"@type\":\"WebPage\",\"@id\":\"https:\/\/jeeptour.pt\/?page_id=1853\",\"url\":\"https:\/\/jeeptour.pt\/?page_id=1853\",\"name\":\"Passeio Rom\u00e2ntico - Jeeptour - Portugal\",\"isPartOf\":{\"@id\":\"https:\/\/jeeptour.pt\/#website\"},\"datePublished\":\"2023-10-24T08:40:47+00:00\",\"dateModified\":\"2024-02-07T11:05:55+00:00\",\"breadcrumb\":{\"@id\":\"https:\/\/jeeptour.pt\/?page_id=1853#breadcrumb\"},\"inLanguage\":\"pt-PT\",\"potentialAction\":[{\"@type\":\"ReadAction\",\"target\":[\"https:\/\/jeeptour.pt\/?page_id=1853\"]}]},{\"@type\":\"BreadcrumbList\",\"@id\":\"https:\/\/jeeptour.pt\/?page_id=1853#breadcrumb\",\"itemListElement\":[{\"@type\":\"ListItem\",\"position\":1,\"name\":\"In\u00edcio\",\"item\":\"https:\/\/jeeptour.pt\/\"},{\"@type\":\"ListItem\",\"position\":2,\"name\":\"Passeio Rom\u00e2ntico\"}]},{\"@type\":\"WebSite\",\"@id\":\"https:\/\/jeeptour.pt\/#website\",\"url\":\"https:\/\/jeeptour.pt\/\",\"name\":\"Jeeptour - Portugal\",\"description\":\"Passeios de jipe\",\"publisher\":{\"@id\":\"https:\/\/jeeptour.pt\/#organization\"},\"potentialAction\":[{\"@type\":\"SearchAction\",\"target\":{\"@type\":\"EntryPoint\",\"urlTemplate\":\"https:\/\/jeeptour.pt\/?s={search_term_string}\"},\"query-input\":{\"@type\":\"PropertyValueSpecification\",\"valueRequired\":true,\"valueName\":\"search_term_string\"}}],\"inLanguage\":\"pt-PT\"},{\"@type\":\"Organization\",\"@id\":\"https:\/\/jeeptour.pt\/#organization\",\"name\":\"Jeeptour - Portugal\",\"url\":\"https:\/\/jeeptour.pt\/\",\"logo\":{\"@type\":\"ImageObject\",\"inLanguage\":\"pt-PT\",\"@id\":\"https:\/\/jeeptour.pt\/#\/schema\/logo\/image\/\",\"url\":\"https:\/\/jeeptour.pt\/wp-content\/uploads\/2023\/10\/cropped-logook.png\",\"contentUrl\":\"https:\/\/jeeptour.pt\/wp-content\/uploads\/2023\/10\/cropped-logook.png\",\"width\":486,\"height\":442,\"caption\":\"Jeeptour - Portugal\"},\"image\":{\"@id\":\"https:\/\/jeeptour.pt\/#\/schema\/logo\/image\/\"}}]}<\/script>\n<!-- \/ Yoast SEO plugin. -->","yoast_head_json":{"title":"Passeio Rom\u00e2ntico - Jeeptour - Portugal","robots":{"index":"index","follow":"follow","max-snippet":"max-snippet:-1","max-image-preview":"max-image-preview:large","max-video-preview":"max-video-preview:-1"},"canonical":"https:\/\/jeeptour.pt\/?page_id=1853","og_locale":"pt_PT","og_type":"article","og_title":"Passeio Rom\u00e2ntico - Jeeptour - Portugal","og_description":"Passeio Rom\u00e2ntico Passeio rom\u00e2ntico Desfrute de um passeio rom\u00e2ntico personalizado que celebra o amor e a conex\u00e3o do casal. Seja para comemorar uma data especial ou simplesmente reacender a chama do amor, este passeio \u00e9 uma experi\u00eancia \u00fanica e inesquec\u00edvel. Enquanto o sol brilhar ou as estrelas cintilar, depende do hor\u00e1rio que voc\u00ea marcar. O &hellip; Passeio Rom\u00e2ntico Read More &raquo;","og_url":"https:\/\/jeeptour.pt\/?page_id=1853","og_site_name":"Jeeptour - Portugal","article_modified_time":"2024-02-07T11:05:55+00:00","twitter_card":"summary_large_image","twitter_misc":{"Est. reading time":"2 minutos"},"schema":{"@context":"https:\/\/schema.org","@graph":[{"@type":"WebPage","@id":"https:\/\/jeeptour.pt\/?page_id=1853","url":"https:\/\/jeeptour.pt\/?page_id=1853","name":"Passeio Rom\u00e2ntico - Jeeptour - Portugal","isPartOf":{"@id":"https:\/\/jeeptour.pt\/#website"},"datePublished":"2023-10-24T08:40:47+00:00","dateModified":"2024-02-07T11:05:55+00:00","breadcrumb":{"@id":"https:\/\/jeeptour.pt\/?page_id=1853#breadcrumb"},"inLanguage":"pt-PT","potentialAction":[{"@type":"ReadAction","target":["https:\/\/jeeptour.pt\/?page_id=1853"]}]},{"@type":"BreadcrumbList","@id":"https:\/\/jeeptour.pt\/?page_id=1853#breadcrumb","itemListElement":[{"@type":"ListItem","position":1,"name":"In\u00edcio","item":"https:\/\/jeeptour.pt\/"},{"@type":"ListItem","position":2,"name":"Passeio Rom\u00e2ntico"}]},{"@type":"WebSite","@id":"https:\/\/jeeptour.pt\/#website","url":"https:\/\/jeeptour.pt\/","name":"Jeeptour - Portugal","description":"Passeios de jipe","publisher":{"@id":"https:\/\/jeeptour.pt\/#organization"},"potentialAction":[{"@type":"SearchAction","target":{"@type":"EntryPoint","urlTemplate":"https:\/\/jeeptour.pt\/?s={search_term_string}"},"query-input":{"@type":"PropertyValueSpecification","valueRequired":true,"valueName":"search_term_string"}}],"inLanguage":"pt-PT"},{"@type":"Organization","@id":"https:\/\/jeeptour.pt\/#organization","name":"Jeeptour - Portugal","url":"https:\/\/jeeptour.pt\/","logo":{"@type":"ImageObject","inLanguage":"pt-PT","@id":"https:\/\/jeeptour.pt\/#\/schema\/logo\/image\/","url":"https:\/\/jeeptour.pt\/wp-content\/uploads\/2023\/10\/cropped-logook.png","contentUrl":"https:\/\/jeeptour.pt\/wp-content\/uploads\/2023\/10\/cropped-logook.png","width":486,"height":442,"caption":"Jeeptour - Portugal"},"image":{"@id":"https:\/\/jeeptour.pt\/#\/schema\/logo\/image\/"}}]}},"uagb_featured_image_src":{"full":false,"thumbnail":false,"medium":false,"medium_large":false,"large":false,"1536x1536":false,"2048x2048":false},"uagb_author_info":{"display_name":"luilin","author_link":"https:\/\/jeeptour.pt\/?author=1"},"uagb_comment_info":0,"uagb_excerpt":"Passeio Rom\u00e2ntico Passeio rom\u00e2ntico Desfrute de um passeio rom\u00e2ntico personalizado que celebra o amor e a conex\u00e3o do casal. Seja para comemorar uma data especial ou simplesmente reacender a chama do amor, este passeio \u00e9 uma experi\u00eancia \u00fanica e inesquec\u00edvel. Enquanto o sol brilhar ou as estrelas cintilar, depende do hor\u00e1rio que voc\u00ea marcar. O&hellip;","_links":{"self":[{"href":"https:\/\/jeeptour.pt\/index.php?rest_route=\/wp\/v2\/pages\/1853","targetHints":{"allow":["GET"]}}],"collection":[{"href":"https:\/\/jeeptour.pt\/index.php?rest_route=\/wp\/v2\/pages"}],"about":[{"href":"https:\/\/jeeptour.pt\/index.php?rest_route=\/wp\/v2\/types\/page"}],"author":[{"embeddable":true,"href":"https:\/\/jeeptour.pt\/index.php?rest_route=\/wp\/v2\/users\/1"}],"replies":[{"embeddable":true,"href":"https:\/\/jeeptour.pt\/index.php?rest_route=%2Fwp%2Fv2%2Fcomments&post=1853"}],"version-history":[{"count":31,"href":"https:\/\/jeeptour.pt\/index.php?rest_route=\/wp\/v2\/pages\/1853\/revisions"}],"predecessor-version":[{"id":2334,"href":"https:\/\/jeeptour.pt\/index.php?rest_route=\/wp\/v2\/pages\/1853\/revisions\/2334"}],"wp:attachment":[{"href":"https:\/\/jeeptour.pt\/index.php?rest_route=%2Fwp%2Fv2%2Fmedia&parent=1853"}],"curies":[{"name":"wp","href":"https:\/\/api.w.org\/{rel}","templated":true}]}}